0, 27 = -l - 2*h. Let y(k) = -8*k - 25. What is the units digit of y(l)?
7
Let f(z) = 63*z**2 + 36*z + 4. What is the tens digit of f(3)?
7
Let c(r) = -r**3 - 10*r**2 - 13*r. Let t be c(-9). Let a = t + -33. Suppose -2*d = a*j - 25, 3*d + j - 14 = 20. What is the units digit of d?
1
What is the hundreds digit of 24/(-6)*1 - -658?
6
Let t = -39 + 66. Let o = t - -26. Let m = o + -27. What is the tens digit of m?
2
Suppose 0 = -51*i - 5281 + 121918. What is the units digit of i?
7
Let g be 3/(2 + 1)*-2. Let u be ((-15)/g)/((-3)/(-16)). Let z = 59 - u. What is the units digit of z?
9
Suppose -4*r + 2*q + 0*q = -1872, 0 = -4*q. What is the tens digit of r?
6
Suppose 1 = t, 0 = 2*n - 2*t + 6*t - 334. What is the tens digit of n?
6
Suppose 3*r - 1392 = -4*y + 7*r, -1040 = -3*y + 5*r. What is the tens digit of y?
5
Let l = 834 + -505. What is the tens digit of l?
2
Let y(m) = 14*m**2 + 5*m - 11. Let q be y(4). Suppose q = -3*r + 896. What is the hundreds digit of r?
2
Let s(l) be the second derivative of -l**3/3 + 3*l**2/2 - 4*l. Let c be s(0). Suppose d - 1 + c = 0, -46 = -3*x + 2*d. What is the units digit of x?
4
Let q = 62 - 93. What is the tens digit of (q/(-4) - (-5 - -5))*4?
3
Let a = -700 - -2636. What is the units digit of a?
6
Suppose 2*n = -2*b - n + 99, 0 = b + n - 52. Let g be (-7)/(-14) + b/2. Suppose -5*a - 21 = -v, 0*a = 2*v + 3*a - g. What is the units digit of v?
6
Let d(l) = -11*l + l**2 - 6 - 40 + 0*l**2 + 12. What is the units digit of d(16)?
6
Let b be ((3 - 284) + 5)/(-2). Suppose -4*j + 3*j - z = -128, b = j + 3*z. What is the tens digit of j?
2
Let n(c) = -4*c**2 + 20*c**2 + 5 + 51*c**2 - 6*c**2. What is the hundreds digit of n(-2)?
2
Suppose -6*q + 144 = -198. Suppose -v - 7 = -q. What is the units digit of v?
0
Suppose 310 = 5*b - 3*l, 4*l - 3*l + 5 = 0. Suppose 0 = -2*k - 53 - b. Let n = k + 80. What is the tens digit of n?
2
Let u = 1 - -1. What is the tens digit of u/3*57/2?
1
Let a(q) = 2*q**2 - 14*q + 19. Let j be a(12). Let c = 222 - j. What is the units digit of c?
3
Let u(k) be the first derivative of k**4/12 + k**3 + k**2 - 3. Let f(j) be the second derivative of u(j). What is the units digit of f(8)?
2
Let p = -182 - -706. What is the tens digit of p?
2
What is the units digit of (5/(15/(-62)))/(20/(-1320))?
4
Let p(m) = -m**3 + 0*m - 6*m**2 + 1 + 6*m - 7*m. What is the units digit of p(-6)?
7
Suppose 2*p - 2*c - 684 = 0, 25*c - 22*c + 342 = p. What is the tens digit of p?
4
Let y(k) = 14*k**2 - 2*k + 27. What is the hundreds digit of y(-8)?
9
Let b = -1 + 2. Let h be (1*45 + 0)*b. What is the tens digit of (81/h)/((-1)/(-15))?
2
Suppose 4*k - 4*c - 41 - 59 = 0, 4*c = 3*k - 80. Let t = 211 + k. What is the tens digit of t?
3
Let b be -1 + 6 + -3 + 4. Suppose b*n + 35 = 329. What is the tens digit of n?
4
Suppose -g - 4*c + 4 = 1, 2*g - 6 = -4*c. Let r be 2/(-2 + 7/g). Suppose -30 = -4*n + r. What is the units digit of n?
9
Let d = -40 - -73. Let s = 190 - d. What is the tens digit of s?
5
Suppose 3013 = 2*b + h, -3*b - 2*h + 3342 + 1175 = 0. What is the units digit of b?
9
Let l(m) = -2*m**2 + 3*m + 3. Let i be l(3). What is the units digit of ((-494)/i - 2) + 20/30?
1
Let z(w) = w**2 - 3*w + 1. Let a be z(4). Suppose -a*s = 11 + 39. What is the units digit of (1 + 3 + s)/(-2)?
3
Suppose -127 = -2*j - 123. Suppose 0 = -0*t + t - 3*b - 18, -t + b = -8. Suppose -j*w + 66 = t*a - 0*w, 0 = 2*a - 3*w - 44. What is the units digit of a?
2
Let j(p) = 3*p - 2. Let r be j(2). Let h(t) = t**3 - 5*t**2 - 2*t + 6. Let w be h(r). Let y = w - -37. What is the tens digit of y?
1
Let a be 20 + (-8)/(1 - 3). Suppose 5*y - a = 176. What is the units digit of y?
0
Let x = 1028 + -108. Suppose 0 = -4*o - 212 + x. What is the tens digit of (-2)/(-2 - (-348)/o)?
5
Let a = -238 - -484. What is the hundreds digit of a?
2
Let a(z) = -39*z**3 - 2*z**2 - 2*z. Let k be a(-2). Suppose -4*o - 4*x = -232, 2*x - x = 5*o - k. What is the tens digit of o?
6
Suppose 16519 = 20*x - 541. What is the hundreds digit of x?
8
Suppose 4*f + 232 = 2*f. Let v = f - -188. What is the units digit of v?
2
Let z be (9/(-4) + 3)*4. Suppose -4*w - z*y = -0*w + 93, 5*w - 5*y = -125. What is the units digit of (w/28)/((-3)/21)?
6
Let f be ((-2)/(-3))/((-6)/9). Let a(m) = -2*m**2 - 2*m - 1. Let z be a(f). What is the units digit of 3/((-3)/(z - 8))?
9
Let m = 661 - 298. What is the units digit of m?
3
Suppose 5*s - 43 + 18 = 0, 2*p - 980 = -4*s. What is the tens digit of p?
8
Suppose -29*j = -5*j - 28968. What is the tens digit of j?
0
Let m = -822 - -2042. What is the hundreds digit of m?
2
Let u = 371 + -123. What is the units digit of u?
8
Suppose -3*i - 1783 = 3*o - 6505, i - 4724 = -3*o. What is the tens digit of o?
7
Let j = 60 - 55. Suppose j*a + 395 = 3*r + 146, -267 = -3*r - a. What is the units digit of r?
8
Let i be (-2 - 75/(-6))*18/(-3). Let l = i - -161. What is the tens digit of l?
9
Let a = 267 - 613. Let b = a + 525. Suppose b = 5*i - 4*q, i - 31 - 20 = -3*q. What is the units digit of i?
9
Let u(h) = -2*h**2 + 7*h - 5. Let n be u(4). Let b(f) = -13*f + 7. What is the units digit of b(n)?
4
Suppose 0*s = -3*s + 27. Let t(g) = 5 - g**3 - 10 - 11*g - s*g**2 - 1. What is the tens digit of t(-8)?
1
Let u(n) = 2*n - 10. Let p be u(8). Let l = 6 - p. Suppose 5*z - 136 = 4*x, 0 = -l*x - x - 4. What is the units digit of z?
4
Suppose 3*x = 323 + 37. Let w(j) = -j**3 + 7*j**2 + 9*j - 8. Let i be w(8). Suppose 5*p - p - x = i. What is the tens digit of p?
3
Suppose -9*u = -8*u + 2, -1066 = -k + 2*u. What is the thousands digit of k?
1
Let u(w) = -w**3 - 5*w**2 + 5*w - 6. Let s(g) = 8*g**3 + 3*g**2 + g - 1. Let l be s(-1). What is the units digit of u(l)?
7
Suppose -4*x = 12, -4*p + 3385 = -x - 10918. What is the tens digit of p?
7
Let m(l) = -l**3 + 28*l**2 + 45*l + 102. What is the hundreds digit of m(24)?
4
Let z(r) = 31*r**2 - 15*r - 4. What is the thousands digit of z(-6)?
1
What is the units digit of 2120/(-16)*(-4)/(-20)*-4?
6
Suppose 0 = -2744*c + 2743*c + 2076. What is the units digit of c?
6
Let c(a) = 2*a**3 + 2*a - 3. Let y be c(2). Let h = y - 9. Suppose -h*j + 39 = -5*j. What is the units digit of j?
3
Let k be (-14)/(-7) + 1*9. Let h(s) = -s + 7. Let n be h(k). Let t(i) = -i**3 - i**2 + 4*i - 5. What is the units digit of t(n)?
7
Let c(j) = 824*j - 12. What is the units digit of c(2)?
6
Let k = 106 - 144. Let f = k - -255. What is the hundreds digit of f?
2
Suppose 0 = 4*i + 3*w - 228, -330 = -5*i - 4*w - 44. Let l = 104 - i. What is the units digit of l?
0
Let p be -5*1/10*6. What is the hundreds digit of (-6)/(-9) - ((-1360)/p)/(-4)?
1
Let f(j) = j**2 + j. Let z(w) = -6*w**2 - 4*w + 21. Let h(s) = 5*f(s) + z(s). What is the tens digit of h(0)?
2
Let g be 2*6*355/(-10). Let v = -75 - g. Suppose 0 = 4*p - v + 91. What is the tens digit of p?
6
Let u(f) = f**2 + 7*f + 8. Let d be u(-6). Let g(w) = 2*w**2 + 6*w**d + 3 + 6*w - 4*w**2 - 3*w**2. What is the units digit of g(-7)?
0
Suppose 0 = 33*k - 52008 - 91278. What is the tens digit of k?
4
Let d(c) = c**3 - 7*c**2 - 11*c + 2. What is the hundreds digit of d(12)?
5
Let q(o) = o**2 + o - 13. Let x be q(5). What is the units digit of 3 + -2 - (x*-3 + 1)?
1
Let z be 6/(-15) + 124/10. Suppose 43 = c - 20. Let l = c - z. What is the units digit of l?
1
Suppose 2*s = 3*s. Suppose s = -4*w + 20 + 32. Suppose -10 = 8*n - w*n. What is the units digit of n?
2
Let p(c) be the second derivative of c**5/10 + c**3/6 - 5*c**2/2 - 3*c. Let v(j) be the first derivative of p(j). What is the tens digit of v(2)?
2
Let x(m) = -205*m + 89. What is the units digit of x(-2)?
9
Suppose -4*f + 2*v = -16, 3*f + 0*v = 3*v + 9. Suppose -4*a = 5*z - 46, 4*a + 36 = f*z - 18. What is the tens digit of z*3*2/4?
1
Let a(q) = q**3 + 7*q**2 + 6*q. Let f be a(-6). Let w be (f - -2)/2*-4. Let k = 12 - w. What is the tens digit of k?
1
Let f = 1999 - 1362. What is the tens digit of f?
3
Let m be (-46)/(-14) + (-2)/7. Suppose -4*j + 8*g - 3*g + m = 0, 2 = 2*g. Suppose 3*b - 1 = j. What is the units digit of b?
1
Let q = 1797 + -241. What is the units digit of q?
6
Suppose -46*i = -29*i - 986. Let b(a) = a**2 - a. Let z be b(0). Suppose 0 = 2*u - z*u - i. What is the units digit of u?
9
Suppose 3*i - 44 = 5*j - 10, -4*j - 17 = i. L